{"id":219,"date":"2018-07-24T07:28:49","date_gmt":"2018-07-24T05:28:49","guid":{"rendered":"http:\/\/casa.the-movement.eu\/?page_id=219"},"modified":"2018-07-24T07:44:03","modified_gmt":"2018-07-24T05:44:03","slug":"219-2","status":"publish","type":"page","link":"https:\/\/casa.the-movement.eu\/?page_id=219","title":{"rendered":"Datenschutzerkl\u00e4rung"},"content":{"rendered":"<h4 style=\"text-align: justify;\"><span style=\"color: #333333;\"><strong>Allgemeiner Hinweis und Pflichtinformationen<\/strong><\/span><\/h4>\n<p style=\"text-align: justify;\"><span style=\"color: #333333;\">Durch den Besuch unseres Internetauftritts k\u00f6nnen Informationen \u00fcber den Zugriff (Datum, Uhrzeit, aufgerufene Seite) auf dem Server gespeichert werden. Dies stellt keine Auswertung personenbezogener Daten (z.B. Name, Anschrift oder E-Mail Adresse) dar. Sofern personenbezogene Daten erhoben werden, erfolgt dies \u2013 sofern m\u00f6glich \u2013 nur mit dem vorherigen Einverst\u00e4ndnis des Nutzers der Webseite.<\/span><\/p>\n<p style=\"text-align: justify;\"><span style=\"color: #333333;\">Eine Weiterleitung der Daten an Dritte findet ohne ausdr\u00fcckliche Zustimmung des Nutzers nicht statt. Wir weisen ausdr\u00fccklich darauf hin, dass die \u00dcbertragung von Daten im Internet (z.B. per E-Mail) Sicherheitsl\u00fccken aufweisen kann. Ein l\u00fcckenloser Schutz der Daten vor dem Zugriff Dritter kann nicht gew\u00e4hrleistet werden. Wir k\u00f6nnen keine Haftung f\u00fcr die durch solche Sicherheitsl\u00fccken entstehenden Sch\u00e4den \u00fcbernehmen.<\/span><\/p>\n<h4 style=\"text-align: justify;\"><span style=\"color: #333333;\"><strong>Widerspruch gegen Werbe-Mails<\/strong><\/span><\/h4>\n<p style=\"text-align: justify;\"><span style=\"color: #333333;\">Der Verwendung ver\u00f6ffentlichter Kontaktdaten durch Dritte zum Zwecke von Werbung wird ausdr\u00fccklich widersprochen. Wir behalten uns rechtliche Schritte f\u00fcr den Fall der unverlangten Zusendung von Werbeinformationen, z.B. durch Spam-Mails, vor. Quelle: <a style=\"color: #333333;\" href=\"http:\/\/www.mustervorlage.net\/disclaimer-muster\" target=\"_blank\" rel=\"noopener\">Disclaimer-Muster<\/a><\/span><\/p>\n<div class=\"s3-t s3-t0\" style=\"text-align: justify;\">\n<h4><span style=\"color: #333333;\"><strong>Benennung der verantwortlichen Stelle<\/strong><\/span><\/h4>\n<p><span style=\"color: #333333;\">Die verantwortliche Stelle f\u00fcr die Datenverarbeitung auf dieser Website ist:<\/span><\/p>\n<p style=\"text-align: left;\"><span style=\"color: #333333;\">Sonja Heinrich<\/span><br \/>\n<span style=\"color: #333333;\">Wolfsgangstrasse 142<\/span><br \/>\n<span style=\"color: #333333;\">60322 Frankfurt am Main &#8211; Deutschland<\/span><\/p>\n<p style=\"text-align: left;\"><span style=\"color: #333333;\">Telefon: +49 (0)170 &#8211; 87 11 832<\/span><br \/>\n<span style=\"color: #333333;\">E-Mail: ferieninportugal@web.de<span id=\"s3-t-ort\"><\/span><\/span><\/p>\n<p><span style=\"color: #333333;\">Die verantwortliche Stelle entscheidet allein oder gemeinsam mit anderen \u00fcber die Zwecke und Mittel der Verarbeitung von personenbezogenen Daten (z.B. Namen, Kontaktdaten o. \u00c4.).<\/span><\/p>\n<h4><span style=\"color: #333333;\"><strong>Widerruf Ihrer Einwilligung zur Datenverarbeitung<\/strong><\/span><\/h4>\n<p><span style=\"color: #333333;\">Nur mit Ihrer ausdr\u00fccklichen Einwilligung sind einige Vorg\u00e4nge der Datenverarbeitung m\u00f6glich. Ein Widerruf Ihrer bereits erteilten Einwilligung ist jederzeit m\u00f6glich. F\u00fcr den Widerruf gen\u00fcgt eine formlose Mitteilung per E-Mail. Die Rechtm\u00e4\u00dfigkeit der bis zum Widerruf erfolgten Datenverarbeitung bleibt vom Widerruf unber\u00fchrt.<\/span><\/p>\n<h4><span style=\"color: #333333;\"><strong>Recht auf Beschwerde bei der zust\u00e4ndigen Aufsichtsbeh\u00f6rde<\/strong><\/span><\/h4>\n<p><span style=\"color: #333333;\">Als Betroffener steht Ihnen im Falle eines datenschutzrechtlichen Versto\u00dfes ein Beschwerderecht bei der zust\u00e4ndigen Aufsichtsbeh\u00f6rde zu. Zust\u00e4ndige Aufsichtsbeh\u00f6rde bez\u00fcglich datenschutzrechtlicher Fragen ist der Landesdatenschutzbeauftragte des Bundeslandes, in dem sich der Sitz unseres Unternehmens befindet.<\/span><\/p>\n<p><span style=\"color: #333333;\">Der folgende Link stellt eine Liste der Datenschutzbeauftragten sowie deren Kontaktdaten bereit: <a style=\"color: #333333;\" href=\"https:\/\/www.bfdi.bund.de\/DE\/Infothek\/Anschriften_Links\/anschriften_links-node.html\" target=\"_blank\" rel=\"noopener\">https:\/\/www.bfdi.bund.de\/DE\/Infothek\/Anschriften_Links\/anschriften_links-node.html<\/a>.<\/span><\/p>\n<h4><span style=\"color: #333333;\"><strong>Recht auf Daten\u00fcbertragbarkeit<\/strong><\/span><\/h4>\n<p><span style=\"color: #333333;\">Ihnen steht das Recht zu, Daten, die wir auf Grundlage Ihrer Einwilligung oder in Erf\u00fcllung eines Vertrags automatisiert verarbeiten, an sich oder an Dritte aush\u00e4ndigen zu lassen. Die Bereitstellung erfolgt in einem maschinenlesbaren Format. Sofern Sie die direkte \u00dcbertragung der Daten an einen anderen Verantwortlichen verlangen, erfolgt dies nur, soweit es technisch machbar ist.<\/span><\/p>\n<h4><span style=\"color: #333333;\"><strong>Recht auf Auskunft, Berichtigung, Sperrung, L\u00f6schung<\/strong><\/span><\/h4>\n<p><span style=\"color: #333333;\">Sie haben jederzeit im Rahmen der geltenden gesetzlichen Bestimmungen das Recht auf unentgeltliche Auskunft \u00fcber Ihre gespeicherten personenbezogenen Daten, Herkunft der Daten, deren Empf\u00e4nger und den Zweck der Datenverarbeitung und ggf. ein Recht auf Berichtigung, Sperrung oder L\u00f6schung dieser Daten. Diesbez\u00fcglich und auch zu weiteren Fragen zum Thema personenbezogene Daten k\u00f6nnen Sie sich jederzeit \u00fcber die im Impressum aufgef\u00fchrten Kontaktm\u00f6glichkeiten an uns wenden.<\/span><\/p>\n<h4><span style=\"color: #333333;\"><strong>SSL- bzw. TLS-Verschl\u00fcsselung<\/strong><\/span><\/h4>\n<p><span style=\"color: #333333;\">Aus Sicherheitsgr\u00fcnden und zum Schutz der \u00dcbertragung vertraulicher Inhalte, die Sie an uns als Seitenbetreiber senden, nutzt unsere Website eine SSL-bzw. TLS-Verschl\u00fcsselung. Damit sind Daten, die Sie \u00fcber diese Website \u00fcbermitteln, f\u00fcr Dritte nicht mitlesbar. Sie erkennen eine verschl\u00fcsselte Verbindung an der \u201ehttps:\/\/\u201c Adresszeile Ihres Browsers und am Schloss-Symbol in der Browserzeile.<\/span><\/p>\n<\/div>\n<div class=\"s3-t s3-t2\" style=\"text-align: justify;\">\n<h4><span style=\"color: #333333;\"><strong>Server-Log-Dateien<\/strong><\/span><\/h4>\n<p><span style=\"color: #333333;\">In Server-Log-Dateien erhebt und speichert der Provider der Website automatisch Informationen, die Ihr Browser automatisch an uns \u00fcbermittelt. Dies sind:<\/span><\/p>\n<ul>\n<li><span style=\"color: #333333;\">Browsertyp und Browserversion<\/span><\/li>\n<li><span style=\"color: #333333;\">Verwendetes Betriebssystem<\/span><\/li>\n<li><span style=\"color: #333333;\">Referrer URL<\/span><\/li>\n<li><span style=\"color: #333333;\">Hostname des zugreifenden Rechners<\/span><\/li>\n<li><span style=\"color: #333333;\">Uhrzeit der Serveranfrage<\/span><\/li>\n<li><span style=\"color: #333333;\">IP-Adresse<\/span><\/li>\n<\/ul>\n<p><span style=\"color: #333333;\">Es findet keine Zusammenf\u00fchrung dieser Daten mit anderen Datenquellen statt. Grundlage der Datenverarbeitung bildet Art. 6 Abs. 1 lit. b DSGVO, der die Verarbeitung von Daten zur Erf\u00fcllung eines Vertrags oder vorvertraglicher Ma\u00dfnahmen gestattet.<\/span><\/p>\n<\/div>\n<div class=\"s3-t s3-t12\" style=\"text-align: justify;\">\n<h4><span style=\"color: #333333;\"><strong>Cookies<\/strong><\/span><\/h4>\n<p><span style=\"color: #333333;\">Unsere Website verwendet Cookies. Das sind kleine Textdateien, die Ihr Webbrowser auf Ihrem Endger\u00e4t speichert. Cookies helfen uns dabei, unser Angebot nutzerfreundlicher, effektiver und sicherer zu machen.<\/span><\/p>\n<p><span style=\"color: #333333;\">Einige Cookies sind \u201cSession-Cookies.\u201d Solche Cookies werden nach Ende Ihrer Browser-Sitzung von selbst gel\u00f6scht. Hingegen bleiben andere Cookies auf Ihrem Endger\u00e4t bestehen, bis Sie diese selbst l\u00f6schen. Solche Cookies helfen uns, Sie bei R\u00fcckkehr auf unserer Website wiederzuerkennen.<\/span><\/p>\n<p><span style=\"color: #333333;\">Mit einem modernen Webbrowser k\u00f6nnen Sie das Setzen von Cookies \u00fcberwachen, einschr\u00e4nken oder unterbinden. Viele Webbrowser lassen sich so konfigurieren, dass Cookies mit dem Schlie\u00dfen des Programms von selbst gel\u00f6scht werden. Die Deaktivierung von Cookies kann eine eingeschr\u00e4nkte Funktionalit\u00e4t unserer Website zur Folge haben.<\/span><\/p>\n<p><span style=\"color: #333333;\">Das Setzen von Cookies, die zur Aus\u00fcbung elektronischer Kommunikationsvorg\u00e4nge oder der Bereitstellung bestimmter, von Ihnen erw\u00fcnschter Funktionen (z.B. Warenkorb) notwendig sind, erfolgt auf Grundlage von Art. 6 Abs. 1 lit. f DSGVO. Als Betreiber dieser Website haben wir ein berechtigtes Interesse an der Speicherung von Cookies zur technisch fehlerfreien und reibungslosen Bereitstellung unserer Dienste. Sofern die Setzung anderer Cookies (z.B. f\u00fcr Analyse-Funktionen) erfolgt, werden diese in dieser Datenschutzerkl\u00e4rung separat behandelt.<\/span><\/p>\n<\/div>\n<div class=\"s3-t s3-t0\" style=\"text-align: justify;\">\n<p><span style=\"color: #333333;\"><small>Quelle: Datenschutz-Konfigurator von <a style=\"color: #333333;\" href=\"http:\/\/www.mein-datenschutzbeauftragter.de\" target=\"_blank\" rel=\"noopener\">mein-datenschutzbeauftragter.de<\/a><\/small><\/span><\/p>\n<\/div>\n<p style=\"text-align: right;\"><span style=\"color: #333333;\"><a style=\"color: #333333;\" href=\"https:\/\/casa.the-movement.eu\/\">Zur\u00fcck zur Startseite<\/a><\/span><\/p>\n","protected":false},"excerpt":{"rendered":"<p>Allgemeiner Hinweis und Pflichtinformationen Durch den Besuch unseres Internetauftritts k\u00f6nnen Informationen \u00fcber den Zugriff (Datum, Uhrzeit, aufgerufene Seite) auf dem Server gespeichert werden. Dies stellt keine Auswertung personenbezogener Daten (z.B. Name, Anschrift oder E-Mail Adresse) dar. Sofern personenbezogene Daten erhoben werden, erfolgt dies \u2013 sofern m\u00f6glich \u2013 nur mit dem<\/p>\n","protected":false},"author":1,"featured_media":0,"parent":0,"menu_order":0,"comment_status":"closed","ping_status":"closed","template":"","meta":[],"_links":{"self":[{"href":"https:\/\/casa.the-movement.eu\/index.php?rest_route=\/wp\/v2\/pages\/219"}],"collection":[{"href":"https:\/\/casa.the-movement.eu\/index.php?rest_route=\/wp\/v2\/pages"}],"about":[{"href":"https:\/\/casa.the-movement.eu\/index.php?rest_route=\/wp\/v2\/types\/page"}],"author":[{"embeddable":true,"href":"https:\/\/casa.the-movement.eu\/index.php?rest_route=\/wp\/v2\/users\/1"}],"replies":[{"embeddable":true,"href":"https:\/\/casa.the-movement.eu\/index.php?rest_route=%2Fwp%2Fv2%2Fcomments&post=219"}],"version-history":[{"count":6,"href":"https:\/\/casa.the-movement.eu\/index.php?rest_route=\/wp\/v2\/pages\/219\/revisions"}],"predecessor-version":[{"id":230,"href":"https:\/\/casa.the-movement.eu\/index.php?rest_route=\/wp\/v2\/pages\/219\/revisions\/230"}],"wp:attachment":[{"href":"https:\/\/casa.the-movement.eu\/index.php?rest_route=%2Fwp%2Fv2%2Fmedia&parent=219"}],"curies":[{"name":"wp","href":"https:\/\/api.w.org\/{rel}","templated":true}]}}